- 677*w - 53844. Give h(288).
12
Let x(b) = -1424*b + 79808. Give x(56).
64
Let o(r) = -12135*r + 12141. Give o(1).
6
Let r(o) = 5*o**3 - o**2 - 114*o + 955. What is r(0)?
955
Let b(k) = 64*k**3 - 1283*k**2 + 55*k + 12. Calculate b(20).
-88
Let y(w) = 12*w**2 + 1596*w + 14740. Determine y(-10).
-20
Let s(f) = 6*f**3 - 16*f**2 + 63*f - 7. Calculate s(6).
1091
Let j(z) = z**3 - 1833*z**2 - 35183*z - 14. Give j(-19).
-109
Let z(p) = 3*p**2 - 5876*p + 11746. Give z(2).
6
Let q(f) = -f**3 - 214*f**2 - 364*f + 12715. Calculate q(-212).
-5
Let r(t) = -1107*t + 10248. Give r(9).
285
Let o(q) = 3*q**2 - 132*q - 1864. Give o(55).
-49
Let a(d) = -3*d**3 - 47*d**2 - 380*d - 2559. What is a(-11)?
-73
Let p(n) = -6208*n + 74873. Determine p(12).
377
Let b(j) = 29763*j**2 + 119063*j - 9. Calculate b(-4).
-53
Let p(h) = 25*h**3 - 5*h**2 + 33*h - 50. Determine p(1).
3
Let k(w) = w**2 - 342*w - 18758. What is k(-48)?
-38
Let i(p) = -651*p**3 - 1306*p**2 - 7*p + 4. Give i(-2).
2
Let u(i) = -3*i**3 + 35*i**2 - 75*i - 21. Determine u(9).
-48
Let g(t) = -1807*t - 18589. Determine g(-10).
-519
Let d(l) = -97*l**3 - 21050*l**2 - 212*l + 1081. Determine d(-217).
-4
Let r(p) = p**2 + 107*p + 3975. Determine r(-53).
1113
Let z(t) = -2*t**3 + 80*t**2 - 66*t - 342. Calculate z(39).
126
Let n(k) = -28257*k + 791183. Determine n(28).
-13
Let t(g) = 880*g - 5391. Calculate t(7).
769
Let q(p) = 1139*p - 2232426. Give q(1960).
14
Let b(d) = d**3 + 93*d**2 + 650*d + 3491. What is b(-86)?
-637
Let q(r) = -r**2 + 77*r - 711. Calculate q(12).
69
Let x(w) = -291308*w - 7282719. Give x(-25).
-19
Let l(q) = 11*q**3 + 243*q**2 + 22*q - 34. Calculate l(-22).
-34
Let z(b) = 317*b - 63006. Calculate z(199).
77
Let s(y) = 4*y**3 - 340*y**2 + 1991*y - 15. What is s(6)?
555
Let m(n) = 7*n**3 + 4*n**2 - 32*n - 36. Determine m(-2).
-12
Let f(v) = -2*v**3 + 14*v**2 - 13*v + 286. Give f(8).
54
Let a(d) = -d**3 - 103*d**2 + 1240*d + 169504. What is a(-98)?
-36
Let k(b) = 9433*b - 528241. Determine k(56).
7
Let f(h) = 18*h**2 - 175*h + 40. Determine f(12).
532
Let t(x) = -18*x**2 - 145*x - 619. Calculate t(-7).
-486
Let v(x) = 98*x**2 - 101*x + 421. What is v(6)?
3343
Let n(z) = z**3 + 15*z**2 + 6822*z + 102336. What is n(-15)?
6
Let w(j) = 1254679*j + 1254651. Calculate w(-1).
-28
Let x(g) = -9859*g - 699816. Determine x(-71).
173
Let l(d) = 1202*d**3 - d**2 - 202*d - 200. What is l(-1)?
-1201
Let m(u) = -u**2 - 4809*u + 86729. What is m(18)?
-157
Let k(a) = 345*a + 10320. Calculate k(-30).
-30
Let z(d) = -d**3 - 49*d**2 + 599*d + 81. Give z(10).
171
Let v(n) = 3*n**2 + 81*n - 19831. Calculate v(-96).
41
Let t(n) = -8203*n - 65673. Determine t(-8).
-49
Let w(g) = 54086*g - 594956. Determine w(11).
-10
Let d(g) = -19*g**3 + 7*g**2 - 24*g - 2. Determine d(-4).
1422
Let g(v) = 2*v**3 - 77*v**2 - 479*v - 59. Determine g(44).
161
Let h(d) = d**2 + 51*d + 1061. Determine h(-44).
753
Let a(t) = 4*t**2 - 113*t - 1138. Give a(-14).
1228
Let y(s) = -4*s**2 + 825*s - 9365. Give y(12).
-41
Let r(b) = -b**3 - 8*b**2 + 39*b + 242. Calculate r(6).
-28
Let t(p) = p**3 - 330*p**2 + 4717*p + 81. What is t(15)?
-39
Let i(d) = 19*d**2 - 144*d + 323. Calculate i(4).
51
Let m(x) = x**3 + 171*x**2 + 500*x - 54897. Determine m(-166).
-117
Let b(v) = 163873*v + 9013015. What is b(-55)?
0
Let a(m) = 2*m**3 - 12*m**2 - 4713*m + 32891. Give a(7).
-2
Let i(j) = -j**3 + 111*j**2 - 321*j - 958. Give i(108).
-634
Let x(o) = -28940*o - 57875. Calculate x(-2).
5
Let p(t) = -t**3 - 577*t**2 + 693*t + 66539. What is p(-578)?
69
Let d(a) = -40*a**2 + 187*a - 306. Give d(4).
-198
Let s(r) = 5536*r - 177157. Determine s(32).
-5
Let m(y) = 2*y**3 + 40*y**2 - 351*y - 277. What is m(8)?
499
Let y(r) = 148781*r - 743904. Determine y(5).
1
Let q(a) = 9303*a + 1702445. Calculate q(-183).
-4
Let t(y) = -898342*y - 8983411. Give t(-10).
9
Let c(o) = -321*o**2 - 5450*o + 109. What is c(-17)?
-10
Let r(q) = -q**2 - 360*q - 30302. Calculate r(-134).
-18
Let j(c) = 4108*c - 628483. What is j(153)?
41
Let i(h) = 2034*h - 142348. Give i(70).
32
Let m(g) = -2*g**2 + 624*g + 94909. Give m(-112).
-67
Let k(x) = -3*x**3 - 274*x**2 + 181*x - 207. What is k(-92)?
69
Let q(p) = 25*p**3 - p**2 + 152*p - 154. Calculate q(1).
22
Let i(n) = -414*n - 11926. Determine i(-30).
494
Let o(s) = s**2 + 520*s + 55361. Calculate o(-149).
82
Let u(g) = -251*g**2 + 3013*g + 9. Calculate u(12).
21
Let m(z) = -6*z**2 - 442*z + 3395. Give m(-83).
-1253
Let t(x) = -9*x**2 - 4149*x - 32558. Calculate t(-8).
58
Let b(u) = -3753*u - 90267. Calculate b(-24).
-195
Let b(m) = -2*m**3 - 196*m**2 - 2070*m - 526. Determine b(-86).
-10
Let h(j) = 20*j**2 - 7513*j - 3264. Give h(376).
-632
Let c(m) = m**2 - 28524*m - 142632. Determine c(-5).
13
Let p(l) = -l**2 + 17548*l - 857452. What is p(49)?
-1
Let h(j) = 13541*j - 95141. Give h(7).
-354
Let j(c) = 132607*c + 1856500. Calculate j(-14).
2
Let k(x) = 11660*x + 1935739. Give k(-166).
179
Let n(k) = 44*k - 19037. Calculate n(432).
-29
Let n(g) = -g**3 - 95*g**2 + 3478*g + 324661. Give n(-96).
-11
Let v(f) = 1282*f**2 + 1262*f - 9. What is v(-1)?
11
Let z(f) = 15*f**2 - 12237*f + 70461. What is z(810)?
-9
Let s(m) = 20680*m + 124133. What is s(-6)?
53
Let x(n) = -231138*n - 31665898. Calculate x(-137).
8
Let b(r) = 4*r**3 - 339*r**2 - 42*r - 3766. Calculate b(85).
-111
Let c(j) = -5*j**3 + 48*j**2 - 194. Calculate c(9).
49
Let r(v) = 176*v - 68550. Give r(389).
-86
Let h(d) = 23*d**2 + 1105*d - 2308. Determine h(2).
-6
Let z(b) = 20270*b - 5108030. Give z(252).
10
Let v(l) = 47475*l + 664653. Calculate v(-14).
3
Let d(g) = 4*g**2 - 512*g - 8038. Give d(-14).
-86
Let n(h) = 124*h + 1159. Determine n(0).
1159
Let j(q) = 6132*q + 4224957. Determine j(-689).
9
Let a(b) = b**2 + 191*b - 14158. What is a(58)?
284
Let u(f) = 2870*f - 20028. Determine u(7).
62
Let r(x) = 47*x**2 + 143*x - 227. What is r(-5)?
233
Let o(n) = -7891*n - 7725303. What is o(-979)?
-14
Let v(b) = -19*b**3 - 7*b**2 + 12*b + 12. What is v(2)?
-144
Let s(m) = -5*m**2 + 445*m - 3522. Determine s(77).
1098
Let m(a) = -511*a + 21045. Give m(41).
94
Let b(v) = 2463*v + 41893. Calculate b(-17).
22
Let c(d) = -d**3 + 2029*d**2 + 18326*d - 146. What is c(-9)?
-2
Let p(h) = -h**3 - 12*h**2 - 105*h - 868. What is p(-10)?
-18
Let w(c) = c**2 + 1116*c - 36046. Calculate w(31).
-489
Let h(v) = 1674386*v + 3348770. Determine h(-2).
-2
Let v(g) = g**3 + 92*g**2 + 56*g - 1654. Give v(-91).
1531
Let p(b) = 1363*b**3 + 8177*b**2 - 102*b - 578. Determine p(-6).
-2
Let l(q) = 2*q**3 + 111*q**2 + 161*q + 5833. What is l(-55)?
3
Let w(j) = 209*j + 1601. Give w(-5).
556
Let x(a) = -2*a**2 - 37604*a + 225701. Determine x(6).
5
Let k(l) = 2676*l + 2106326. What is k(-787)?
314
Let h(d) = d**2 - 364606*d - 1823066. Give h(-5).
-11
Let s(a) = -a**3 + 113*a**2 - 3043*a + 310. Give s(69).
-173
Let p(v) = 3798*v + 140505. Determine p(-37).
-21
Let i(t) = 3*t**3 - 158*t**2 + 664*t + 347. Calculate i(48).
-37
Let y(q) = -9*q**2 + 812*q - 12750. Determine y(70).
-10
Let f(s) = 2*s**3 + 38*s**2 + 274*s + 218. What is f(-7)?
-524
Let r(i) = i**3 - 5*i**2 - 167*i + 1182. Determine r(8).
38
Let f(t) = t**2 + 345*t - 397. Give f(-346).
-51
Let q(v) = 401*v**2 + 2573*v + 31. What is q(-6)?
-971
Let o(a) = -133*a**2 - 141*a - 278. Give o(-2).
-528
Let s(n) = -146*n - 11152. Calculate s(-72).
-640
Let q(w) = -9322*w + 4903441. What is q(526)?
69
Let o(v) = 3*v**2 - 60*v - 1169. Calculate o(-17).
718
Let g(o) = -2011*o + 285591. Calculate g(142).
29
Let c(p) = -149*p**2 + 816*p - 21. Determine c(5).
334
Let x(y) = 4819*y - 37185. Give x(8).
1367
Let c(y) = y**2 + 469*y + 339. What is c(0)?
339
Let p(u) = 80*u**2 - 398*u - 175. What is p(5)?
-165
Let r(s) = -239541*s - 2634957. Give r(-11).
-6
Let y(u) = -3*u**2 - 158*u - 2207. Determine y(-24).
-143
Let s(d) = 22*d + 899. Give s(-47).
-135
Let l(o) = 6248*o - 12. What is l(0)?
-12
Let v(z) = z**3 + 27*z**2 + 54*z - 287. Determine v(-26).
-1015
Let y(k) = 2*k**3 - 46*k**2 + 218*k - 363. What is y(17)?
-125
Let c(f) = -2435*f**3 + 16*f**2 + 3*f - 1. What is c(-1)?
2447
Let v(h) = 5*h**3 + 1041*h**2 + 82*h - 26163. Calculate v(-208).
45
Let h(v) = -531*v - 1752. Calculate h(-10).
3558
Let a(h) = -4*h**3 + 2718*h**2 - 6797*h + 18273. What is a(677)?
-6
Let v